
Suppose 2*i + 2*i - 346 = k, 3*i - 257 = 2*k. What is the units digit of i?
7
Suppose 2*a = 6*a - 12. Suppose -o = -a*i + 89, -o = 7*i - 2*i - 143. What is the units digit of i?
9
Let i = 29 - 13. Let v = -14 - -14. Suppose v*q - 4*q + i = 0. What is the units digit of q?
4
Let o be 4/((-4)/(-4)) - 61. What is the tens digit of o/(-38)*104/6?
2
Let a(n) = 6*n + 1 - 9*n - n. Let x be a(1). Let g = 6 + x. What is the units digit of g?
3
Suppose 3*t - 52 = -13. What is the tens digit of t?
1
Let o = -10 + 16. Suppose n - 2 = -5*u, -2*u = 3*n + 2*n + 13. Let p = o - n. What is the units digit of p?
9
Let d = 6 - 2. What is the units digit of d?
4
Suppose -3*u = -5*u + 8. What is the units digit of (-42)/u*8/(-6)?
4
Let k be 2 + (3 - 0) - 2. Suppose -5*p + a = -40, -2*a + 40 = 5*p + k*a. What is the units digit of (p - (-3 - -2)) + -1?
8
Let h(o) = o**2 - 6*o - 7. Let z be h(7). Suppose z*j - j + 6 = 0. What is the units digit of 52/6 + (-4)/j?
8
What is the units digit of (-21)/28 + (-14)/(-8)?
1
Suppose -2*b + 5*k = -85, -4*b - k + 203 = -0*k. What is the units digit of b?
0
What is the units digit of 0 - (-7)/((-35)/(-405))?
1
Let v = -49 + 33. Let g = 22 + v. What is the units digit of g?
6
Let c be 2/6 - 16/(-6). Let d = -32 - -46. What is the units digit of (c/(-2) + 2)*d?
7
Let r = 66 - 29. Let z = -22 + r. What is the units digit of z?
5
Suppose 0 = 2*c - 2*q - 70, 3*c + 4*q - 135 = -44. What is the units digit of c?
3
Suppose -4*q = -4*b + 752, -202 = -2*b + 5*q + 159. What is the units digit of b?
3
Let v = 3 - 4. Let m = 3 - v. Let g(o) = o**3 - 5*o**2 + 7*o - 5. What is the units digit of g(m)?
7
Suppose -5*f = 3*t - 107 + 11, -150 = -5*t - 5*f. Let k = t + -8. What is the tens digit of k?
1
Let s(j) = -j**3 + 4*j**2 + 2*j - 1. Let z be s(4). Let i = -10 + z. What is the units digit of 3/3 + (0 - i)?
4
Let p(f) = 2*f**2 - 8*f + 1. What is the units digit of p(6)?
5
What is the tens digit of 4102/49 + (-4)/(-14)?
8
Let i = 8 + 63. What is the units digit of i?
1
Let u(h) = -2*h - 12. Let x = 20 + -29. What is the units digit of u(x)?
6
Let d(v) be the third derivative of v**4/24 - 4*v**2. What is the tens digit of d(10)?
1
Let t be 2 - 7 - (1 - 4). Let f be 2 - t - 2 - 7. What is the tens digit of 19 + 2 + f + 2?
1
Let y(n) = -n**3 - 21*n**2 + 19*n + 31. What is the units digit of y(-22)?
7
Suppose 3*p = p + 10. Suppose 0 = 3*s - p*s + 60. Let z = s - 17. What is the tens digit of z?
1
Let q be (4/3)/(2/3). Suppose 4*l = -2 - q. What is the units digit of 6 - (l + -2 + 3)?
6
Let p(v) = 10*v**3 - 1. Let c(s) = -s**2 - 6*s + 6. Let b be c(-7). Let o = b + 2. What is the units digit of p(o)?
9
Let i(f) = -f**2 - f. Suppose 0 = -4*z + z. Let m be i(z). Suppose m = r + 4*y + 1, -4*r - 5*y + 18 = 0. What is the units digit of r?
7
Let z = 200 - 116. Let q = z + -59. What is the units digit of q?
5
Let v = 9 - 5. Suppose -v*z = -3*z - 2. Suppose -4*y + z = 2*q - 0, 4*y + 1 = -q. What is the units digit of q?
3
Let x = -57 + 112. What is the tens digit of x?
5
Let x = 3 - -2. Suppose 4*l - 161 = x*s, -37 = -l + 3*s - 5*s. What is the tens digit of l?
3
Let c = 10 - 17. Let a(h) be the third derivative of -h**4/24 - h**3 - h**2. What is the units digit of a(c)?
1
Suppose 2*l + 1 = 7. Suppose -5*q + l*q + 34 = 0. What is the units digit of q?
7
Suppose 4*s - 5*s + 4 = 0. Suppose 0*y + 2 = y. What is the units digit of ((-14)/s)/((-1)/y)?
7
Let v = -10 - -10. Suppose -w - w + 16 = v. What is the units digit of w?
8
Let w(b) = -7*b. Let t be w(1). Let y = t + 10. What is the units digit of y?
3
Suppose -78 = 4*y - 1178. What is the hundreds digit of y?
2
Let i(j) = j**3 - 2*j**2 + 2*j - 6. What is the tens digit of i(4)?
3
Let q be (-170)/(-8) + 2/(-8). Let k be 6 - 4 - 14*1. Let s = q + k. What is the units digit of s?
9
Let v(t) = 4*t + 1. Let h be v(1). Suppose -5 = h*g + 5*s, -g + 2 = 2*s - 0. What is the units digit of (-43)/g - 1/(-4)?
1
Let r = 5 - 3. Suppose -d + 4*v - 5 = 0, -r*d - 2*v + 1 = -3*d. What is the units digit of d/(-2)*4/(-3)?
2
Let v(b) = -b**2 + 4*b + 1. Let a be v(3). Suppose 0 = -a*u - 4*p + 76, -7*u + 2*u - 2*p + 89 = 0. What is the tens digit of u?
1
Let h = 12 - 4. What is the units digit of (6/h)/(3/8)?
2
Let r be ((-1)/(-3)*0)/1. Suppose 2*n + n - 15 = r. Suppose n*l + 10 = 7*l. What is the units digit of l?
5
Suppose -7*q - 27 = -10*q. Let b(s) = s + 8. What is the units digit of b(q)?
7
Suppose -d = 3, 221 = 6*p - p - 2*d. What is the tens digit of p?
4
Suppose -n + 22 = -5*r, 0 = -5*n + 4*n + 3*r + 30. What is the units digit of n?
2
Suppose -z - 10 = -5*y - 3*z, -y = -3*z - 19. Suppose 4*r = -g + y, 6*g - g = 4*r + 92. What is the tens digit of g?
1
Suppose 3*o = -2*h + 15, 4*o + h = 5*h. Suppose -5*i - f = -9, 3*i + f - o = -2*f. What is the units digit of i?
2
Let o(m) = -m**3 - 3*m**2 + 5*m + 2. What is the units digit of o(-5)?
7
Suppose -5*u + 3 = 7*t - 3*t, 0 = 5*u - 4*t - 27. Suppose -j = -0*j - 5*p - 1, -u*j - 4*p = -79. Let v = j - 12. What is the units digit of v?
9
Let q(a) = 3*a - 4. Let g be q(6). Suppose 0*r = -2*r + g. What is the units digit of 26/r + 2/7?
4
Let s(h) = 4*h**2 + 8*h. Let d(o) = o**2 + o. Let y(l) = 6*d(l) - s(l). Let j be y(2). Suppose z = -2 + j. What is the units digit of z?
2
Let k be (-2 - -2)/(4/2). Suppose 2*j - 17 - 16 = 3*q, -2*j - 4*q + 54 = k. What is the units digit of j?
1
Let w(t) = -2*t - 30. What is the units digit of w(-16)?
2
Let k be 10/(-15) - (-31)/(-3). Let c = 23 + k. What is the tens digit of c?
1
Let d(l) = 26*l**2 + l + 1. Let o be d(-1). Suppose 111 = 3*h - 3*s, -4*h + 153 = 3*s + o. Suppose 5*f - h = 1. What is the units digit of f?
7
Suppose -4*g + g - 15 = 0. Let f = 6 + g. What is the units digit of f?
1
Suppose 0*s - 5*s + 15 = 0. Suppose -s = -2*c + 33. What is the units digit of c?
8
What is the tens digit of 24/32*12*2?
1
Let l(t) = -21*t - 1. Let y be l(-1). Suppose 0 = -d + 2*n - 2, -2*d - 3*n + n + y = 0. What is the units digit of d?
6
What is the units digit of -2*4/((-24)/15)?
5
Let g(h) = -1 + 2*h - 4*h - 2. What is the units digit of g(-3)?
3
Let k(p) = p - 12. Let h be k(10). What is the units digit of h/(-1*2/3)?
3
Let v(p) = -p**3 - 5*p**2 + 7*p + 9. Let t be v(-6). Let g(q) = -q**3 + 5*q**2 - 2*q + 3. What is the units digit of g(t)?
5
Suppose -3*m = 2*c - 79, 2*c + 3*m - 184 = -3*c. Suppose 183 = 5*w - 3*y, -2*w - y - c + 117 = 0. What is the tens digit of w?
3
Let w = 6 + -5. What is the units digit of 4 - w/((-3)/6)?
6
What is the hundreds digit of 8/2*(-332)/(-8)?
1
Let l(f) = f**2 + 9*f + 14. Let h be ((-6)/9)/((-3)/(-45)). What is the tens digit of l(h)?
2
Let i(l) = 2*l**3 - 3*l**2 + l. Let n be i(2). What is the units digit of 40/n - (-2)/(-3)?
6
Suppose -c - 59 = -2*f, -2*c - 20 = -3*f + 71. Suppose 70 = 5*x + 5*a, -5*a + 84 = 4*x + f. What is the units digit of x?
3
What is the units digit of 36/18 - (-2 + -33)?
7
Let c(t) = t**3 - t**2 - t + 1. Let y be c(2). Suppose 24 = y*d - 7*d. Let n = -1 - d. What is the units digit of n?
5
Let v = -3 + 36. What is the tens digit of v?
3
Let x = 30 - 17. Suppose -x = -w + 12. What is the tens digit of w?
2
Let h(r) = 47*r - 27. What is the tens digit of h(3)?
1
Let w = 24 - 0. What is the tens digit of w?
2
Let k(y) = 6*y**2 - 2*y - 2. What is the units digit of k(-2)?
6
Let s(r) = -2*r**2 + 2*r**2 + 0*r - r + r**2 + 11. What is the units digit of s(0)?
1
Suppose 6*g + 50 = 2*g + 5*c, 3*g = -c - 28. What is the tens digit of (-24)/5*g/3?
1
Let f be (-4)/8*(2 - 14). Let p be 4 + -7 + f/(-2). What is the units digit of (51/(-9))/(2/p)?
7
Let r = 89 + -57. What is the units digit of r?
2
Let d(x) = x**2 + 6*x + 4. Let j be d(-6). Suppose 0 = j*f - 0*f - 16. Suppose f*r - 19 = -7. What is the units digit of r?
3
Let a be 1/((2 - -1)/6). Suppose -12 + 4 = -a*c. What is the units digit of c?
4
Let h(v) = 4*v**2 + 5*v - 3. Let g be h(-6). Suppose -4*w - 3*n + g = 0, -5*w - 5*n + 3*n + 130 = 0. What is the units digit of w?
4
Let v = -16 + -41. What is the tens digit of (-2)/(-4) + v/(-6)?
1
Let r(i) = -i**2 - 13*i + 13. What is the units digit of r(-13)?
3
Suppose -2*l - l = f - 230, 0 = -5*l - f + 380. What is the units digit of l?
5
Let u(m) = -m**3 + 11*m**2 - 9*m - 9. Let j be u(10). Le